2 is divided by d(10).
4
Suppose 2*x + 1258 = 2*r, 12*x - 7*x = -2*r + 1279. What is the remainder when r is divided by 72?
56
Suppose -3*h = 3*y - 759, 0 = -y + 4*h + 152 + 81. Calculate the remainder when y is divided by 142/10 + 744/930.
9
Suppose 4*w - 30*r = -18, 5*r + 122 = 4*w + 15. What is the remainder when 56 is divided by w?
23
Calculate the remainder when 178 is divided by -5 + 19 + 3 - -18.
3
Suppose 0 = 3*v - 5*v + 42. Suppose -5*k - y + 415 - 152 = 0, -3*y + 153 = 3*k. Calculate the remainder when k is divided by v.
11
Let l be 11/3 - 6/9. Suppose -24 = -661*v + 657*v - g, -5*g + 30 = 5*v. Let w = v - l. What is the remainder when 12 is divided by w?
0
Let d(a) = 3*a - 41. Let g be d(15). Suppose -g*j + 3*o = 2*o - 212, -166 = -3*j - o. Calculate the remainder when j is divided by 4.
2
Let p = -1716 - -1712. Calculate the remainder when ((-2)/p*(-7 + 33))/1 is divided by 15/2 + 1/(-2).
6
Let t = -3260 - -3639. Calculate the remainder when t is divided by 96.
91
Let j = 84 - 125. Suppose 164*p - 555 - 11432 = 1461. Let u = j + p. Calculate the remainder when u is divided by 10.
1
Let k(x) = x**2 + x - 5. Let z = 3596 - 3423. What is the remainder when z is divided by k(-5)?
8
Suppose -126*i + 2*n = -121*i - 215, 43 = i - 2*n. What is the remainder when 152 is divided by i?
23
Let l be (-8)/((-16)/3)*(-114)/(-9). Let m = l + -8. What is the remainder when 22 is divided by m?
0
Suppose -f + 0*f + 734 = -b, 2*f - b - 1472 = 0. Let s = -663 + f. What is the remainder when s is divided by 21?
12
Let g = -2556 - -2614. What is the remainder when 308 is divided by g?
18
Suppose -2*b = 2*c - 174, -c + 200 - 95 = -2*b. What is the remainder when 3181 is divided by c?
19
Suppose 28 = 20*t - 12. Suppose -t*y - 3*y + 125 = 0. Calculate the remainder when 88 is divided by y.
13
Suppose 5135 + 8026 = 107*k. Calculate the remainder when k is divided by 1 - 0 - (2 + -44).
37
Suppose 626 = -5*a + 19*a - 2*f, -a + 4*f + 10 = 0. Calculate the remainder when 314 is divided by a.
38
Let m = 2755 + -2722. Calculate the remainder when 2143 is divided by m.
31
Suppose 105*w + 4*v + 90 = 106*w, 2*w + 2*v - 130 = 0. Calculate the remainder when w is divided by 9.
7
Suppose -35 = -6*s - 11. Let d be 27/18 + 6/s. Suppose 6*l = -d*l + 189. What is the remainder when l is divided by 7?
0
Let t(g) = 99*g + 2862. What is the remainder when t(-21) is divided by 52?
3
Let l(w) = 5*w**2 + 4*w - 3. Let z be l(1). Suppose -z*g - 34 + 82 = 0. Calculate the remainder when g is divided by (-20)/6*27/(-15).
2
Calculate the remainder when (-4)/(8/(-6))*-2 + 6 - -4708 is divided by 1569.
1
Let p(v) = -11*v + 45. Let d be p(4). Let l(a) = 22*a - 5. Calculate the remainder when l(d) is divided by 15.
2
Let g be ((-270)/(-75))/((-2)/(12*-10)). Let r = g - 35. What is the remainder when r is divided by 26?
25
Suppose 0 = 73*j + 7833 - 10899. Calculate the remainder when 3637 is divided by j.
25
Let s = 443 - 406. Suppose g - 6*u = -3*u + 27, 2*u - s = -3*g. What is the remainder when 148 is divided by g?
13
Suppose -5*j = -7*b + 2*b + 5, 4*j + 4 = b. Suppose -2*g + 150 = -b*g. Calculate the remainder when g is divided by 12*7/21 + 22.
23
Suppose -17015 = 79*o + 16585 - 141751. What is the remainder when o is divided by 51?
43
Suppose -10 = -4*u + 94. Let v = 760729 - 760549. Calculate the remainder when v is divided by u.
24
Suppose -a = 3*q - 620, 20*q + 4*a - 816 = 16*q. Let g = q - 173. Calculate the remainder when 82 is divided by g.
12
Let l be 6/(-6)*(-1804)/4. Suppose 19*f - 8*f = l. Calculate the remainder when 78 is divided by f.
37
Suppose -3*b - b = -300. Suppose -5*i - 38 = -3*d, 282 = -8*d + 2*i + 372. Calculate the remainder when b is divided by d.
9
Suppose 255*g + 108127 = -328*g + 329667. Calculate the remainder when 1247 is divided by g.
107
Suppose 5*g = 8*g - x - 39, 7*g + 5*x - 69 = 0. Calculate the remainder when 5483 is divided by g.
11
Let i = 2286 + -1335. Calculate the remainder when i is divided by 136.
135
Let w = 9805 + -9728. What is the remainder when 292 is divided by w?
61
Suppose 4*p - 5*p + 6 = 0. Suppose -h + 6 = -4*o, -5*h + 3*h + 5*o = -p. What is the remainder when 71 is divided by (-73)/h - 1 - 2/(-4)?
35
Let z = -952 + 1020. Calculate the remainder when z is divided by 36.
32
What is the remainder when 3*728/(-234)*(1 + -10 - -6) is divided by ((-10)/3)/(1/(-6))?
8
Suppose 17*l = -48*l + 2405. Suppose i = -4*i - 30. Let o(j) = -2*j - 7. What is the remainder when l is divided by o(i)?
2
Suppose 4*k = -2*q + 118, 4 = -3*k - q + 92. Let o be ((-110)/(-165))/((-2)/(-26928)). Calculate the remainder when (-1)/1 - 2 - o/(-102) is divided by k.
27
Suppose -2*u = 4*h - 9*h - 41, u - 4*h - 22 = 0. Let j = 37730 - 37716. What is the remainder when u is divided by j?
4
Let r(y) = 240*y - 454. Let u(s) = -80*s + 152. Let q(o) = 5*r(o) + 16*u(o). What is the remainder when q(-6) is divided by 43?
40
Let o(g) = -g**3 - 28*g**2 - 26*g + 34. Let x be o(-27). Calculate the remainder when 4 - (-41 + x + -2) is divided by 26.
14
Suppose -2*q = 4*i - 312, -i + 67 = 4*q - 4. Calculate the remainder when 309 is divided by i.
72
Let q be ((-12)/(-18))/((-2)/(-12)). Suppose -2*s + 136 = q*r, 5*s - 2*r + 43 = 347. Calculate the remainder when s is divided by (3 + -3 - -4) + 19 + -7.
14
Let u be ((-69)/12 + 5)*28. Let w(n) = -3*n - 41. Calculate the remainder when 79 is divided by w(u).
13
Let a = -490 - -575. Suppose 28 = -j + a. Calculate the remainder when j is divided by 12.
9
Let a(k) = -3*k**3 - 112*k**2 + 77*k + 68. Calculate the remainder when a(-38) is divided by 18.
12
Let z = 63 - 59. Suppose 4*t + 3*a - 52 = 0, -2*t - z*a - 20 = -56. Calculate the remainder when 23 is divided by t.
3
Let t = 4270 - 3273. What is the remainder when t is divided by 70?
17
Let a(c) = c**2 + 7*c + 9. Let b be a(-4). Let j(i) = i**3 - 13*i**2 - 4*i + 53. Calculate the remainder when (b/((-9)/12))/2 is divided by j(13).
0
Suppose -930*d + 6342 = -7510 - 7538. Suppose 2*j - 3*m = 7 - 47, -50 = 5*j + 5*m. What is the remainder when d is divided by 1 + j/(-2) + -2?
5
Let c(j) = 304*j - 600. Let k(r) = 6*r**2 + 9*r. Let z be k(-6). Suppose 0*l - 3*l = -z. What is the remainder when l is divided by c(2)?
6
Let c(m) be the third derivative of m**4 - 2*m**3/3 - 3*m**2 - 2. Calculate the remainder when 1 + 35 - (-1 - 0) is divided by c(1).
17
Let d = -28 - -31. Let z(h) = h**2 - 3*h + 4. Let r be z(d). What is the remainder when (r + -2)*75/6 is divided by 14?
11
What is the remainder when 101 is divided by 130/(-1430) - 5/((-55)/144)?
10
Let b(v) = v**2 - 11*v - 19. Let c(q) = 8*q - 65. Let n be c(10). Let m(a) = a**3 - 4*a**2 + 3*a + 3. What is the remainder when b(n) is divided by m(4)?
11
Suppose 733 = 501*w - 479*w - 367. Calculate the remainder when 177 is divided by w.
27
Suppose -2*t - 3*y + 636 = 0, y + 1290 = 4*t + 4*y. Let f be 20/(-2)*(-37)/(-2). Let z = t + f. What is the remainder when z is divided by 18?
16
Let v(c) = 10*c - 16. Let f be v(4). Suppose f*h + 56 = 16*h. Let g = h - -35. Calculate the remainder when 138 is divided by g.
26
Suppose 0 = 2*p + 2*d - 172, 0 = 5*p + 292*d - 296*d - 448. Calculate the remainder when 197 is divided by p.
21
Let c be ((-5)/((-75)/(-24)))/((-4)/10). Suppose d = c*d - 4*n - 104, -2*n = -2. What is the remainder when d/42*28/6 - -48 is divided by 14?
10
Suppose 2*z + 5*p = 1571, 2*z - 15*p = -19*p + 1572. Let t = z - 729. What is the remainder when t is divided by 39?
20
Suppose 9*t - 39733 = 32177. Calculate the remainder when t is divided by 131.
130
Let o = 1 + 62. What is the remainder when o is divided by ((-99)/(-27))/((-2)/(-6))?
8
Suppose -34*h = -48 + 16 - 206. Suppose 0 = v + q + 46 - 118, 0 = -5*v - 3*q + 350. What is the remainder when v is divided by h?
4
Let s(u) = 13*u**2 + 3*u - 5. Let t be s(6). Let j = t + -314. What is the remainder when j is divided by 13?
11
Let j(c) = c**2 + 23*c - 66. Calculate the remainder when 3815 is divided by j(-26).
11
Let f(p) = p**3 - 8*p**2 + 2*p - 15. Let s be f(8). Suppose -3*y = -7 + s. Let q(d) = 2*d**2 - 2*d + 3. Calculate the remainder when q(y) is divided by 6.
1
What is the remainder when ((-31479)/(-9))/(245/210) is divided by 25?
23
Suppose 113 = -z - 3*q, 4*z + 5